mon factor of w and 165?
33
Let b(x) = -81*x**3 - x**2 - 2*x - 1. Let g be b(-1). Suppose 5*y = s - g, 2*y + 162 = 2*s - 2*y. Calculate the greatest common divisor of s and 27.
27
Let y(a) = 325*a**2 + 1. Let i be y(1). Let p = i + -186. Let l = -274 - -288. What is the greatest common factor of p and l?
14
Suppose -j - 10 = j. Let i be (-145)/j + 1 + -2. Let k be (-2706)/(-24) - 6/8. What is the greatest common factor of i and k?
28
Suppose k + 443 - 20 = 4*q, -5*q + 534 = -3*k. What is the highest common factor of q and 15?
15
Let n(l) = l**2 - 29*l - 378. Let y be n(42). What is the greatest common factor of y and 28?
28
Let t(i) = i**3 - 19*i**2 - 16*i - 6. Let a be t(21). What is the greatest common divisor of a and 15?
15
Let k(u) = -5*u**3 - 4*u - 3. Let i = 4 + -7. Let s = i + 1. Let v be k(s). What is the greatest common factor of v and 30?
15
Let r(x) = -199*x - 44. Let n be r(-1). What is the greatest common divisor of n and 30?
5
Suppose -3*s + 4*w + 106 = 0, -2*s - 183 = -6*s - 3*w. Let b = -74 + 78. Let h be (-2)/8*(-112)/b. What is the greatest common divisor of h and s?
7
Let r = 473 + -470. Calculate the highest common divisor of r and 1.
1
Let w be 8*-2*(-1)/4. Suppose -5*g = -3*t - 207, -5*g - 38 + 252 = w*t. What is the highest common divisor of g and 21?
21
Let j be (-968)/(-40) - (-2)/(-10). Suppose -382 + 46 = -4*w. Calculate the highest common factor of j and w.
12
Let u be (-7)/((-21)/2)*5244/152. Let k(j) = -j**3 + j**2 + 506. Let g be k(0). Suppose 0 = 3*s - 5*s + g. What is the greatest common factor of s and u?
23
Let d = -4 + 10. Let o = -26 - -19. Let r(l) = -l**2 - 5*l + 32. Let t be r(o). Calculate the highest common factor of t and d.
6
Let n be ((-62)/4)/((-12)/72). Suppose 5*w = y - 52, -n = -0*y - 4*y - 3*w. What is the greatest common divisor of 216 and y?
27
Suppose 5*w = 6 + 4. Suppose 6*c - 7 = 5. Calculate the highest common divisor of w and c.
2
Suppose 47*p - 33*p - 98 = 0. Calculate the highest common divisor of p and 259.
7
Suppose 7*c + 1378 - 1455 = 0. Suppose 4*v - 38 = 50. Calculate the highest common divisor of c and v.
11
Let y = 2655 - 2556. What is the highest common divisor of y and 308?
11
Let c be ((-273)/105 + 4/(-10))*-8. Calculate the greatest common divisor of c and 18.
6
Let b be (-682)/14 - 16/56. Let u be (-21)/b - 190/(-14). What is the greatest common divisor of 14 and u?
14
Suppose 4*v - 39 = -7. Let n be 4/(-6) - v/(-3). Suppose -f + 2*f - n = 0. Calculate the greatest common factor of 18 and f.
2
Suppose -2*y + 140 = -4*p - 86, 5*y - 5*p = 580. What is the greatest common divisor of 17 and y?
17
Let y be (364/84 - (-2)/(-6)) + 6. Suppose -4*q - 334 = -3*s, 215 = 2*s + 7*q - 2*q. What is the greatest common divisor of s and y?
10
Suppose -4*s + 4*d = 596, -5*s - d - 3*d - 709 = 0. Let q = s + 208. What is the highest common divisor of q and 9?
9
Suppose -y - 209 = -2*z - 0*z, 0 = z - y - 105. Calculate the highest common factor of 16 and z.
8
Let d(c) = 4*c**2. Let b(l) = l**2 + 6*l + 1. Let o be b(-6). Let x be d(o). Suppose x*z = -z + 85. What is the highest common divisor of z and 136?
17
Let s be (-1)/(-5) + (-296)/(-20). Suppose s*d - 20*d = -10. Calculate the highest common divisor of 2 and d.
2
Suppose -2*y + 3*y = 33. Let a be (-12)/3 - (-90)/9. Suppose 2*r = 2*i + 2, -i - 10*r + a*r + 19 = 0. Calculate the highest common factor of y and i.
3
Let z be 3 + 4*2/8. Suppose q - 27 = 4*c, 3*q + z*c = 2*c + 53. What is the greatest common divisor of q and 95?
19
Let k(r) = r**3 + 4*r**2 - 2*r + 4. Let q be (-2 - -1)/(15/45). Let i be k(q). Calculate the greatest common factor of 76 and i.
19
Suppose -c - 3 = 0, 2*w + 0 - 3 = -c. Let l be w/((-12)/(-140)) - -1. Let a be 15/10*16/6. Calculate the greatest common divisor of a and l.
4
Suppose 4*s + 94 = 3*y + 8, 2*y = 2*s + 56. Suppose 0*w = 4*w - w. Suppose w*d - 728 = -4*d. Calculate the greatest common factor of d and y.
26
Suppose -2*i - 22 = -3*m, i - 9 - 2 = -4*m. Suppose 2*r - 2*l = -m*l - 6, -3*r - 2*l - 6 = 0. Suppose r = -k + 1. What is the greatest common factor of 8 and k?
1
Let t(v) = v**2 - 3*v - 3. Let f be t(-3). Suppose 3*u - 45 = -4*b, -3*u + 0*b + 4*b + 45 = 0. Calculate the highest common factor of f and u.
15
Suppose 2*x + 2*q - 16 = 0, 6 = 3*q - q. Let k be (-612)/(-30) - 2/x. Let f = -22 - -27. Calculate the greatest common divisor of f and k.
5
Suppose 5*t - 3*w - 447 = 0, 5*t = -w - 283 + 734. Let o = t + -54. Let g = 159 + -105. Calculate the greatest common factor of g and o.
18
Let f = 8 + -2. Suppose 7*h - 8 = f. Suppose h - 74 = -4*o. What is the highest common divisor of 2 and o?
2
Let w(i) = 143*i + 9. Let m be w(12). Calculate the greatest common divisor of 75 and m.
75
Suppose -z + 280 = 7*z. Suppose 0 = 5*g - z - 0. Calculate the greatest common divisor of 14 and g.
7
Let m be (-125)/(-15) - (-2)/(-6). Let i be (m/(-2))/((-3)/162). Let f(d) = -4*d - 12. Let a be f(-9). Calculate the highest common divisor of a and i.
24
Suppose -19*m + 1404 - 207 = 0. Let d = 78 - m. Calculate the highest common divisor of 5 and d.
5
Let h(z) = 13*z**2 + 26*z - 4. Let p be h(-6). Calculate the greatest common divisor of p and 112.
28
Let b(i) = 5*i + 30. Let h(l) = 14*l + 89. Let s(o) = -11*b(o) + 4*h(o). Let z be s(0). What is the highest common factor of z and 65?
13
Let c be (-2)/(-6) - 21/9. Let r be 1/c + 197/(-2). Let h = -29 - r. What is the highest common factor of h and 10?
10
Suppose 0 = 4*j + q - 27, 3*q + 0*q = 3*j - 39. Suppose 2*b = j*b - 30. Calculate the highest common divisor of 2 and b.
1
Let m = -5 - -25. Suppose -5*f - m = 5*o, 0 = -f + o - 0*o + 6. What is the highest common factor of 4 and f?
1
Suppose 3*n + 4*u - 1795 = -u, -3*n = -5*u - 1805. Let l be (6/(-18))/(4/12)*-7. Suppose l*t - n = 2*t. Calculate the highest common factor of 80 and t.
40
Let i(l) = -427 + 0*l + 428 + 0*l + 5*l**2. Let u be i(-2). Suppose -2*m + 5 = -1. Calculate the highest common divisor of u and m.
3
Let s be (-19)/(760/150)*-68. Calculate the greatest common factor of s and 51.
51
Let l = 5 + -3. Suppose -5*s + 1 + 1 = v, v = l*s + 23. What is the highest common divisor of 17 and v?
17
Let v = 45 + 3. Suppose 2*h - 12 = v. Calculate the greatest common factor of h and 330.
30
Suppose 189*f - 192*f = -141. Calculate the highest common factor of f and 423.
47
Let i(m) = -18*m**2 - 5*m + 7. Let c(w) = 37*w**2 + 11*w - 15. Let b(s) = -6*c(s) - 13*i(s). Let d be b(-1). Calculate the greatest common divisor of d and 18.
6
Let s be (-21)/(-84) - (7/4)/(-1). Suppose -x + w = -2*x + 9, x - s*w = 0. Let l(m) = -m. Let n be l(-3). What is the highest common divisor of x and n?
3
Let p(h) = -h**3 + 2*h**2 + h + 1. Let u be p(3). Let k = u - -24. What is the greatest common divisor of 76 and k?
19
Suppose 6*v + 367 = -89. Let w be (v/(-10))/(-1)*230/(-92). Let g(c) = 3*c + 4. Let s be g(5). Calculate the greatest common factor of w and s.
19
Let a = 22 - -188. Calculate the highest common factor of 21 and a.
21
Suppose 3*r - 2*f = 26, -27 + 2 = -5*f. Let g = 8 - r. Let s(u) = u**3 + 4*u**2 - 2*u + 2. Let b be s(g). Calculate the highest common divisor of b and 5.
5
Suppose 7*d - 5*d = -5*c + 38, 2*d - 38 = -2*c. Suppose -61 = -2*m - d. What is the greatest common divisor of 21 and m?
21
Suppose 5*t - 2*s + 12 = 0, -3*t + 3*s + 2 = 11. Let k = t + 20. What is the greatest common divisor of 144 and k?
18
Let x = -263 + 1159. What is the greatest common factor of 56 and x?
56
Let s(n) = n**2 + 15*n + 8. Let b be s(-24). What is the greatest common factor of 28 and b?
28
Suppose -3*k = -3*v + 249, 2*k + 36 = v - 46. Suppose -y + 5*y = v. Calculate the highest common factor of 84 and y.
21
Let x = 1195 + -929. What is the greatest common factor of 42 and x?
14
Let g = 92 + -93. Let s be 0 - (g - -4)*44/(-6). What is the highest common divisor of s and 22?
22
Let s be 2/(-5) - 64/(-10). Suppose 88 = -4*z + x, -5*x - 85 = 9*z - 4*z. Let p be 170/7 - (-6)/z. Calculate the greatest common divisor of p and s.
6
Suppose q + 4*p = -12, p + 5 = -4*q - 13. Let x be ((-8)/q - -122) + 2. What is the greatest common divisor of 14 and x?
14
Let u = 0 + 12. What is the greatest common divisor of 15 and u?
3
Suppose 3 = -5*m + 13. Suppo